lse
Does 268 divide 178347402?
False
Does 1259 divide 464773699?
True
Is 204617353 a multiple of 37?
False
Is 40 a factor of 992880?
True
Does 34 divide 9407460?
True
Is 89 a factor of 6991217?
True
Does 100 divide 632718200?
True
Does 176 divide 923898272?
True
Does 203 divide 216875010?
False
Is 871 a factor of 8971300?
True
Is 23287800 a multiple of 37?
True
Is 9385427166 a multiple of 1074?
True
Does 5889 divide 2249629351?
False
Does 8 divide 44774954?
False
Is 340774100 a multiple of 3696?
False
Does 763 divide 392462021?
True
Is 8509242 a multiple of 250?
False
Does 155 divide 1304423?
False
Is 190190492 a multiple of 34?
True
Is 10235943 a multiple of 3657?
True
Is 321 a factor of 832278629?
False
Does 2389 divide 62830730?
False
Is 26473846 a multiple of 14?
True
Does 55 divide 1145398469?
False
Is 113 a factor of 3162079?
True
Is 231182937 a multiple of 27?
True
Is 925855297 a multiple of 11?
False
Is 21 a factor of 3274322577?
False
Is 12 a factor of 61023756?
True
Does 908 divide 88477336?
True
Is 36091776 a multiple of 3248?
True
Does 23 divide 79568223?
False
Is 656466718 a multiple of 23?
False
Is 56 a factor of 944980512?
True
Is 10 a factor of 75726520?
True
Is 8212320 a multiple of 864?
True
Does 2972 divide 277491884?
False
Is 1133512341 a multiple of 13?
True
Is 5 a factor of 504676640?
True
Is 5 a factor of 18159176?
False
Is 5511 a factor of 137290032?
True
Is 7 a factor of 15232483?
True
Does 16 divide 428669696?
True
Is 25 a factor of 380732973?
False
Is 352 a factor of 1737957444?
False
Does 1813 divide 288865385?
False
Is 23526491 a multiple of 57?
False
Does 3 divide 41610195?
True
Does 13 divide 43205655?
False
Is 21812379 a multiple of 613?
True
Is 78103286 a multiple of 75?
False
Does 8 divide 165070732?
False
Does 162 divide 371711950?
False
Does 21 divide 297363621?
False
Is 235676362 a multiple of 192?
False
Does 19 divide 45299569?
False
Does 876 divide 33125940?
True
Is 164 a factor of 67054644?
False
Does 21 divide 22337427?
True
Does 8 divide 137879888?
True
Does 645 divide 8088945?
True
Is 86 a factor of 140873670?
False
Is 1090059465 a multiple of 3?
True
Is 156071126 a multiple of 454?
True
Does 2123 divide 6664097?
True
Is 815753861 a multiple of 13?
True
Is 575 a factor of 3157332475?
True
Is 10699374 a multiple of 386?
False
Does 7934 divide 1095496755?
False
Is 381350801 a multiple of 42?
False
Does 462 divide 18846496?
False
Does 3 divide 612757252?
False
Is 27 a factor of 5976045?
True
Is 61116314 a multiple of 3286?
True
Does 20 divide 552204337?
False
Is 7 a factor of 59593576?
True
Is 169856512 a multiple of 28?
True
Does 59 divide 145318652?
True
Is 5260626 a multiple of 126?
True
Is 963 a factor of 2052642204?
True
Does 129 divide 176871255?
True
Is 1001 a factor of 102248146?
True
Is 52624767 a multiple of 39?
True
Is 112784095 a multiple of 2636?
False
Is 8 a factor of 144789280?
True
Is 36601714 a multiple of 34?
True
Does 10 divide 70721281?
False
Is 14308368 a multiple of 304?
True
Is 129604877 a multiple of 2?
False
Is 18052784 a multiple of 16?
True
Is 668829678 a multiple of 363?
True
Does 197 divide 9982384?
True
Does 120 divide 459250680?
True
Is 43 a factor of 16483139?
False
Does 4444 divide 294348340?
True
Is 8230508 a multiple of 286?
True
Is 700 a factor of 51632420?
False
Is 30 a factor of 481952377?
False
Is 117 a factor of 19849401?
True
Is 52 a factor of 258157634?
False
Is 21180120 a multiple of 12?
True
Does 4446 divide 279684522?
True
Is 466 a factor of 184583672?
False
Is 48 a factor of 248245776?
True
Is 7 a factor of 1260685958?
True
Is 92 a factor of 91402813?
False
Does 14 divide 636314102?
False
Is 2534025815 a multiple of 13?
False
Is 1137 a factor of 28019091?
True
Does 42 divide 41725634?
False
Is 143046787 a multiple of 3194?
False
Is 640901504 a multiple of 97?
True
Is 76 a factor of 55132984?
True
Is 380 a factor of 1295666?
False
Is 750809380 a multiple of 365?
True
Is 74 a factor of 487044468?
True
Is 2297 a factor of 9658885?
True
Does 2498 divide 815448763?
False
Does 1652 divide 24043208?
True
Is 39897363 a multiple of 4?
False
Does 12 divide 3870556?
False
Does 69 divide 85510739?
False
Is 40 a factor of 189646560?
True
Is 29 a factor of 87558938?
False
Does 252 divide 2835883008?
True
Is 113 a factor of 78399287?
True
Is 6 a factor of 2529679554?
True
Is 47253528 a multiple of 742?
True
Is 4782820 a multiple of 28?
True
Is 158 a factor of 460950780?
True
Is 52951914 a multiple of 748?
False
Does 575 divide 308469197?
False
Is 89 a factor of 2251967?
True
Is 913187102 a multiple of 140?
False
Does 32 divide 2276864?
True
Is 93 a factor of 188922960?
False
Does 23 divide 85013198?
True
Does 11 divide 138243875?
True
Is 89 a factor of 38897891?
False
Is 13 a factor of 1101348664?
True
Is 14 a factor of 2448319?
False
Is 21347370 a multiple of 99?
True
Does 2824 divide 221477848?
True
Is 2243881 a multiple of 17?
True
Is 33 a factor of 90240348?
True
Is 692748816 a multiple of 1178?
True
Does 23 divide 6750707?
True
Is 1075 a factor of 3124231956?
False
Is 445207350 a multiple of 5?
True
Does 98 divide 32592154?
True
Is 462691409 a multiple of 993?
False
Does 11 divide 67300802?
False
Is 1947 a factor of 2000698260?
True
Does 628 divide 238954000?
True
Does 585 divide 26599950?
True
Is 14297687 a multiple of 625?
False
Is 30 a factor of 9785280?
True
Is 980426408 a multiple of 7621?
True
Does 11099 divide 1063028923?
True
Is 4730176 a multiple of 35?
False
Is 2013 a factor of 56206986?
True
Is 1818 a factor of 75320208?
False
Is 38770650 a multiple of 54?
True
Is 1148685808 a multiple of 16?
True
Is 279 a factor of 13523967?
True
Is 10374411 a multiple of 18?
False
Does 38 divide 2206248802?
True
Is 42 a factor of 1304358557?
False
Is 118150043 a multiple of 5312?
False
Is 5376583625 a multiple of 119?
True
Is 200483397 a multiple of 3?
True
Is 101 a factor of 272636673?
True
Does 1103 divide 168757822?
False
Does 169 divide 399146991?
False
Does 16 divide 156948000?
True
Is 59943328 a multiple of 304?
True
Is 2611187564 a multiple of 10?
False
Is 92849946 a multiple of 777?
True
Is 26 a factor of 787920042?
True
Is 661702646 a multiple of 22?
True
Does 28 divide 71877193?
False
Is 297 a factor of 626917698?
True
Is 29784484 a multiple of 59?
False
Is 1550187745 a multiple of 8?
False
Does 15 divide 4574280?
True
Does 458 divide 30112972?
False
Is 250468680 a multiple of 140?
True
Does 100 divide 608512629?
False
Is 61 a factor of 305307142?
False
Does 58 divide 239075536?
True
Is 31914723 a multiple of 21?
False
Does 93 divide 1195176?
False
Is 25143224 a multiple of 536?
True
Does 92 divide 40883880?
True
Is 65 a factor of 6713373?
False
Is 188186514 a multiple of 3?
True
Is 704912966 a multiple of 6?
False
Is 18 a factor of 2555751591?
False
Is 852768 a multiple of 72?
True
Is 2209 a factor of 212537031?
False
Is 30417857 a multiple of 62?
False
Is 4562 a factor of 4543752?
True
Is 18500618 a multiple of 69?
False
Does 1096 divide 582511944?
True
Is 154976029 a multiple of 29?
True
Is 217057877 a multiple of 943?
False
Is 244176371 a multiple of 263?
False
Does 50 divide 26313900?
True
Does 149 divide 66780139?
False
Does 157 divide 105773883?
True
Is 530355010 a multiple of 899?
False
Is 312701297 a multiple of 4?
False
Does 1125 divide 10320750?
True
Is 1045815284 a multiple of 2?
True
Is 220285301 a multiple of 4936?
False
Is 66 a factor of 170023433?
False
Does 5 divide 273953629?
False
Is 27226952 a multiple of 164?
True
Is 1581099 a multiple of 393?
False
Is 47147829 a multiple of 359?
True
Does 288 divide 36178812?
False
Is 1719868649 a multiple of 1366?
False
Is 79 a factor of 58281697?
True
Is 21342636 a multiple of 1323?
True
Does 195 divide 11029785?
True
Is 4588888 a multiple of 71?
False
Is 1281 a factor of 452313683?
False
Is 112330085 a multiple of 1273?
False
Does 88 divide 176504790?
False
Does 279 divide 39332304?
True
Is 14 a factor of 456292340?
True
Is 125302425 a multiple of 25?
True
Does 62 divide 2562588340?
True
Is 204093064 a multiple of 8?
True
Does 27 divide 11078667?
True
Is 3640 a factor of 828478560?
True
Is 154720944 a multiple of 168?
True
Does 3 divide 453601956?
True
Is 10 a factor of 2342539540?
True
Is 25 a facto